							
{"id":2905,"date":"2014-05-15T01:06:20","date_gmt":"2014-05-15T01:06:20","guid":{"rendered":"https:\/\/recuperarte.com.br\/consultoria-2\/"},"modified":"2018-11-12T16:38:55","modified_gmt":"2018-11-12T16:38:55","slug":"reabilitacao-funcional-da-mao","status":"publish","type":"page","link":"https:\/\/recuperarte.com.br\/?page_id=2905","title":{"rendered":"Reabilita\u00e7\u00e3o Funcional da M\u00e3o"},"content":{"rendered":"<p>A <strong>Terapia de M\u00e3o<\/strong> \u00e9 a arte e a ci\u00eancia da extremidade superior, isto \u00e9 nossos bra\u00e7os. Com o incentivo de Cirurgi\u00f5es de M\u00e3o, e o trabalho dedicado das terapeutas ocupacionais Leila Maria Abdalla, Leonilda Menegu\u00eas da Concei\u00e7\u00e3o e Maria C\u00e2ndida de Miranda Luzo (que organizaram e formaram a Sociedade Brasileira de Terapeutas da M\u00e3o), o Terapeuta de M\u00e3o surgiu oficialmente no Brasil em julho de 1988. Em 1991 a Sociedade Brasileira de Terapeutas da M\u00e3o ( www.sbtm.org.br ) passou a integrar oficialmente a Federa\u00e7\u00e3o Internacional das Sociedades de Terapeutas da M\u00e3o.<\/p>\n<p>Como forma\u00e7\u00e3o b\u00e1sica em <strong>Terapia Ocupacional e Fisioterapia<\/strong>, este profissional esta capacitado a fornecer resultados funcionais no desenvolvimento e recupera\u00e7\u00e3o da capacidade de desempenhar as atividades de autocuidado, as atividades produtivas (da vida pessoal e profissional) e as atividades de lazer.<\/p>\n<p>Durante a especializa\u00e7\u00e3o em reabilita\u00e7\u00e3o do membro superior o <strong>Terapeuta de M\u00e3o<\/strong> adquire e\/ou aprofunda conhecimentos em:<\/p>\n<ul>\n<li>Anatomia do Membro Superior e suas altera\u00e7\u00f5es causadas por v\u00e1rios traumas ou patologias;<\/li>\n<li>Histologia da cicatriza\u00e7\u00e3o tissular e efeitos da mobiliza\u00e7\u00e3o\\imobiliza\u00e7\u00e3o no tecido conjuntivo;<\/li>\n<li>Cinesiologia;<\/li>\n<li>Fisiologia dos tecidos muscular, nervoso, vascular e conjuntivo;<\/li>\n<li>Princ\u00edpios biomec\u00e2nicos de funcionamento do Membro Superior;<\/li>\n<li>Procedimentos cir\u00fargicos e seu curso p\u00f3s-operat\u00f3rio;<\/li>\n<\/ul>\n<p>Com esta forma\u00e7\u00e3o o <strong>Terapeuta de M\u00e3o<\/strong> pode atuar nos seguintes aspectos:<\/p>\n<ul>\n<li>Recupera\u00e7\u00e3o da capacidade funcional nas atividades de autocuidado, de vida pessoal, trabalho, estudo e lazer;<\/li>\n<li>Reeduca\u00e7\u00e3o motora e funcional dos Membros Superiores, com toda a especificidade das preens\u00f5es manuais e alto grau de sofistica\u00e7\u00e3o, precis\u00e3o e destreza dos movimentos das m\u00e3os;<\/li>\n<li>Confec\u00e7\u00e3o e treino no uso de \u00f3rteses de forma individualizada;<\/li>\n<li>Treino no uso de pr\u00f3teses;<\/li>\n<li>Reeduca\u00e7\u00e3o sensorial, objetivando a recupera\u00e7\u00e3o da capacidade discriminativa e normaliza\u00e7\u00e3o das sensa\u00e7\u00f5es;<\/li>\n<li>Tratamento de ferimentos associados \u00e0s les\u00f5es;<\/li>\n<li>Tratamentos cicatriciais;<\/li>\n<li>Controle de edemas;<\/li>\n<li>Controle da dor;<\/li>\n<li>Fortalecimento muscular.<\/li>\n<\/ul>\n<blockquote><p>Para atingir seus objetivos, o <strong>Terapeuta de M\u00e3o<\/strong> utiliza-se n\u00e3o somente de meios f\u00edsicos, como tamb\u00e9m de meios ocupacionais a fim de obter resultados funcionais significativos para o paciente, a partir de vivencia e an\u00e1lise das atividades que foram afetadas na vida do cliente e que podem ser utilizadas como recurso terap\u00eautico quando feitas de forma gradual e adaptada conforme o status de sa\u00fade do mesmo.<\/p><\/blockquote>\n","protected":false},"excerpt":{"rendered":"<p>A Terapia de M\u00e3o \u00e9 a arte e a ci\u00eancia da extremidade superior, isto \u00e9 nossos bra\u00e7os. Com o incentivo de Cirurgi\u00f5es de M\u00e3o, e o trabalho dedicado das terapeutas ocupacionais Leila Maria Abdalla, Leonilda Menegu\u00eas da Concei\u00e7\u00e3o e Maria C\u00e2ndida de Miranda Luzo (que organizaram e formaram a Sociedade Brasileira de Terapeutas da M\u00e3o), o Terapeuta de M\u00e3o surgiu oficialmente no Brasil em julho de 1988. Em 1991 a [&hellip;]<\/p>\n","protected":false},"author":1,"featured_media":0,"parent":0,"menu_order":0,"comment_status":"open","ping_status":"closed","template":"","meta":{"footnotes":""},"_links":{"self":[{"href":"https:\/\/recuperarte.com.br\/index.php?rest_route=\/wp\/v2\/pages\/2905"}],"collection":[{"href":"https:\/\/recuperarte.com.br\/index.php?rest_route=\/wp\/v2\/pages"}],"about":[{"href":"https:\/\/recuperarte.com.br\/index.php?rest_route=\/wp\/v2\/types\/page"}],"author":[{"embeddable":true,"href":"https:\/\/recuperarte.com.br\/index.php?rest_route=\/wp\/v2\/users\/1"}],"replies":[{"embeddable":true,"href":"https:\/\/recuperarte.com.br\/index.php?rest_route=%2Fwp%2Fv2%2Fcomments&post=2905"}],"version-history":[{"count":2,"href":"https:\/\/recuperarte.com.br\/index.php?rest_route=\/wp\/v2\/pages\/2905\/revisions"}],"predecessor-version":[{"id":2907,"href":"https:\/\/recuperarte.com.br\/index.php?rest_route=\/wp\/v2\/pages\/2905\/revisions\/2907"}],"wp:attachment":[{"href":"https:\/\/recuperarte.com.br\/index.php?rest_route=%2Fwp%2Fv2%2Fmedia&parent=2905"}],"curies":[{"name":"wp","href":"https:\/\/api.w.org\/{rel}","templated":true}]}}

Reabilitação Funcional da Mão

<p>A <strong>Terapia de Mão</strong> é a arte e a ciência da extremidade superior, isto é nossos braços. Com o incentivo de Cirurgiões de Mão, e o trabalho dedicado das terapeutas ocupacionais Leila Maria Abdalla, Leonilda Meneguês da Conceição e Maria Cândida de Miranda Luzo (que organizaram e formaram a Sociedade Brasileira de Terapeutas da Mão), o Terapeuta de Mão surgiu oficialmente no Brasil em julho de 1988. Em 1991 a Sociedade Brasileira de Terapeutas da Mão ( www.sbtm.org.br ) passou a integrar oficialmente a Federação Internacional das Sociedades de Terapeutas da Mão.</p>
<p>Como formação básica em <strong>Terapia Ocupacional e Fisioterapia</strong>, este profissional esta capacitado a fornecer resultados funcionais no desenvolvimento e recuperação da capacidade de desempenhar as atividades de autocuidado, as atividades produtivas (da vida pessoal e profissional) e as atividades de lazer.</p>
<p>Durante a especialização em reabilitação do membro superior o <strong>Terapeuta de Mão</strong> adquire e/ou aprofunda conhecimentos em:</p>
<ul>
<li>Anatomia do Membro Superior e suas alterações causadas por vários traumas ou patologias;</li>
<li>Histologia da cicatrização tissular e efeitos da mobilização\imobilização no tecido conjuntivo;</li>
<li>Cinesiologia;</li>
<li>Fisiologia dos tecidos muscular, nervoso, vascular e conjuntivo;</li>
<li>Princípios biomecânicos de funcionamento do Membro Superior;</li>
<li>Procedimentos cirúrgicos e seu curso pós-operatório;</li>
</ul>
<p>Com esta formação o <strong>Terapeuta de Mão</strong> pode atuar nos seguintes aspectos:</p>
<ul>
<li>Recuperação da capacidade funcional nas atividades de autocuidado, de vida pessoal, trabalho, estudo e lazer;</li>
<li>Reeducação motora e funcional dos Membros Superiores, com toda a especificidade das preensões manuais e alto grau de sofisticação, precisão e destreza dos movimentos das mãos;</li>
<li>Confecção e treino no uso de órteses de forma individualizada;</li>
<li>Treino no uso de próteses;</li>
<li>Reeducação sensorial, objetivando a recuperação da capacidade discriminativa e normalização das sensações;</li>
<li>Tratamento de ferimentos associados às lesões;</li>
<li>Tratamentos cicatriciais;</li>
<li>Controle de edemas;</li>
<li>Controle da dor;</li>
<li>Fortalecimento muscular.</li>
</ul>
<blockquote><p>Para atingir seus objetivos, o <strong>Terapeuta de Mão</strong> utiliza-se não somente de meios físicos, como também de meios ocupacionais a fim de obter resultados funcionais significativos para o paciente, a partir de vivencia e análise das atividades que foram afetadas na vida do cliente e que podem ser utilizadas como recurso terapêutico quando feitas de forma gradual e adaptada conforme o status de saúde do mesmo.</p></blockquote>

<p>A Terapia de Mão é a arte e a ciência da extremidade superior, isto é nossos braços. Com o incentivo de Cirurgiões de Mão, e o trabalho dedicado das terapeutas ocupacionais Leila Maria Abdalla, Leonilda Meneguês da Conceição e Maria Cândida de Miranda Luzo (que organizaram e formaram a Sociedade Brasileira de Terapeutas da Mão), o Terapeuta de Mão surgiu oficialmente no Brasil em julho de 1988. Em 1991 a [&hellip;]</p>
