							
{"id":2892,"date":"2014-05-15T01:06:20","date_gmt":"2014-05-15T01:06:20","guid":{"rendered":"https:\/\/recuperarte.com.br\/consultoria-2\/"},"modified":"2019-05-17T15:37:30","modified_gmt":"2019-05-17T15:37:30","slug":"cursos","status":"publish","type":"page","link":"https:\/\/recuperarte.com.br\/?page_id=2892","title":{"rendered":"Cursos"},"content":{"rendered":"<p>A \u00f3rtese representa um recurso importante para o processo reabilitacional. Quando associada \u00e0s atividades terap\u00eauticas e aos exerc\u00edcios esta faz com que a reabilita\u00e7\u00e3o se torne bastante eficaz.<\/p>\n<p>Ao confeccionarmos \u00f3rteses torna-se necess\u00e1rio nos basear em conceitos anat\u00f4micos, cinesiol\u00f3gicos, fisiol\u00f3gicos, patol\u00f3gicos, funcionais, biomec\u00e2nicos, bem como a origem da les\u00e3o ou inabilidade, procedimentos cir\u00fargicos executados e complica\u00e7\u00f5es que o indiv\u00edduo apresenta.<\/p>\n<p>Os cursos organizados pela cl\u00ednica Recuperarte e ministrados pela Dra. Patr\u00edcia Neto Barroso, baseiam-se nestes conceitos.<br \/>\n<div class=\"dotted-divider\"><\/div>\n<h3>PR\u00d3XIMO CURSO<\/h3>\n<p><strong><img loading=\"lazy\" decoding=\"async\" class=\"wp-image-3067 alignleft\" src=\"http:\/\/recuperarte.com.br\/wp-content\/uploads\/2019\/05\/WhatsApp-Image-2019-05-08-at-13.40.44-1.jpeg\" alt=\"\" width=\"220\" height=\"220\" srcset=\"https:\/\/recuperarte.com.br\/wp-content\/uploads\/2019\/05\/WhatsApp-Image-2019-05-08-at-13.40.44-1.jpeg 800w, https:\/\/recuperarte.com.br\/wp-content\/uploads\/2019\/05\/WhatsApp-Image-2019-05-08-at-13.40.44-1-150x150.jpeg 150w, https:\/\/recuperarte.com.br\/wp-content\/uploads\/2019\/05\/WhatsApp-Image-2019-05-08-at-13.40.44-1-768x768.jpeg 768w, https:\/\/recuperarte.com.br\/wp-content\/uploads\/2019\/05\/WhatsApp-Image-2019-05-08-at-13.40.44-1-720x720.jpeg 720w\" sizes=\"(max-width: 220px) 100vw, 220px\" \/>Caf\u00e9 com M\u00e3os &#8211; Belo Horizonte MG<\/strong><br \/>\nConvidamos\u00a0 \u00e1 todos para participar da inaugura\u00e7\u00e3o do espa\u00e7o de discuss\u00f5es cl\u00ednicas Caf\u00e9 com M\u00e3os, .<\/p>\n<p><strong>Data:<\/strong>\u00a024 de maio de 2019 (sexta-feira )<br \/>\n<strong>Local:<\/strong>\u00a0Nova Lima\/MG<\/p>\n<p><u><a href=\"https:\/\/www.sympla.com.br\/cafe-com-maos__525667\"><strong>mais informa\u00e7\u00f5es &gt;&gt;\u00a0<\/strong><\/a><\/u><\/p>\n<p>&nbsp;<\/p>\n<p>&nbsp;<\/p>\n<p><img loading=\"lazy\" decoding=\"async\" class=\"wp-image-3002 alignleft\" src=\"http:\/\/recuperarte.com.br\/wp-content\/uploads\/2019\/01\/WhatsApp-Image-2019-01-09-at-13.34.13.jpeg\" alt=\"\" width=\"205\" height=\"207\" srcset=\"https:\/\/recuperarte.com.br\/wp-content\/uploads\/2019\/01\/WhatsApp-Image-2019-01-09-at-13.34.13.jpeg 795w, https:\/\/recuperarte.com.br\/wp-content\/uploads\/2019\/01\/WhatsApp-Image-2019-01-09-at-13.34.13-150x150.jpeg 150w, https:\/\/recuperarte.com.br\/wp-content\/uploads\/2019\/01\/WhatsApp-Image-2019-01-09-at-13.34.13-768x774.jpeg 768w, https:\/\/recuperarte.com.br\/wp-content\/uploads\/2019\/01\/WhatsApp-Image-2019-01-09-at-13.34.13-720x725.jpeg 720w\" sizes=\"(max-width: 205px) 100vw, 205px\" \/><\/p>\n<p><strong>\u00a0Curso \u00d3rteses em Neoprene com Modelagem Canadense &#8211; Belo Horizonte MG<\/strong><br \/>\nO curso proporciona o conhecimento te\u00f3rico e pr\u00e1tico relacionado biomec\u00e2nica e confec\u00e7\u00e3o de \u00d3rteses para membros superiores.<\/p>\n<p><strong>Data:<\/strong>\u00a027 e\u00a0 28 de abril de 2019 (s\u00e1bado e domingo )<br \/>\n<strong>Local:<\/strong> Belo Horizonte\/MG<\/p>\n<p><u><a href=\"https:\/\/recuperarte.com.br\/?page_id=2991\"><strong>mais informa\u00e7\u00f5es &gt;&gt;\u00a0<\/strong><\/a><\/u><\/p>\n<p>&nbsp;<\/p>\n<p><strong><img loading=\"lazy\" decoding=\"async\" class=\"alignleft wp-image-3005\" src=\"http:\/\/recuperarte.com.br\/wp-content\/uploads\/2019\/01\/WhatsApp-Image-2019-01-09-at-13.34.13-1.jpeg\" alt=\"\" width=\"205\" height=\"290\" srcset=\"https:\/\/recuperarte.com.br\/wp-content\/uploads\/2019\/01\/WhatsApp-Image-2019-01-09-at-13.34.13-1.jpeg 905w, https:\/\/recuperarte.com.br\/wp-content\/uploads\/2019\/01\/WhatsApp-Image-2019-01-09-at-13.34.13-1-768x1086.jpeg 768w, https:\/\/recuperarte.com.br\/wp-content\/uploads\/2019\/01\/WhatsApp-Image-2019-01-09-at-13.34.13-1-720x1018.jpeg 720w\" sizes=\"(max-width: 205px) 100vw, 205px\" \/>Curso \u00d3rteses em Neoprene com Modelagem Canadense &#8211; Bras\u00edlia DF<\/strong><br \/>\nO curso proporciona o conhecimento te\u00f3rico e pr\u00e1tico relacionado biomec\u00e2nica e confec\u00e7\u00e3o de \u00d3rteses para membros superiores.<\/p>\n<p><strong>Data:<\/strong>\u00a023 e\u00a0 24 de mar\u00e7o de 2019 (s\u00e1bado e domingo )<br \/>\n<strong>Local:<\/strong> Bras\u00edlia\/DF<\/p>\n<p>&nbsp;<\/p>\n<p><u><a href=\"https:\/\/recuperarte.com.br\/?page_id=3027\"><strong>mais informa\u00e7\u00f5es &gt;&gt;\u00a0<\/strong><\/a><\/u><\/p>\n<p>&nbsp;<\/p>\n<p>&nbsp;<\/p>\n<p><strong><img loading=\"lazy\" decoding=\"async\" class=\"alignleft wp-image-3009\" src=\"http:\/\/recuperarte.com.br\/wp-content\/uploads\/2019\/01\/WhatsApp-Image-2019-01-09-at-13.34.13-5.jpeg\" alt=\"\" width=\"205\" height=\"208\" srcset=\"https:\/\/recuperarte.com.br\/wp-content\/uploads\/2019\/01\/WhatsApp-Image-2019-01-09-at-13.34.13-5.jpeg 796w, https:\/\/recuperarte.com.br\/wp-content\/uploads\/2019\/01\/WhatsApp-Image-2019-01-09-at-13.34.13-5-768x777.jpeg 768w, https:\/\/recuperarte.com.br\/wp-content\/uploads\/2019\/01\/WhatsApp-Image-2019-01-09-at-13.34.13-5-720x728.jpeg 720w\" sizes=\"(max-width: 205px) 100vw, 205px\" \/>Curso \u00d3rteses em Neoprene com Modelagem Canadense &#8211; S\u00e3o Paulo<\/strong><br \/>\nO curso proporciona o conhecimento te\u00f3rico e pr\u00e1tico relacionado biomec\u00e2nica e confec\u00e7\u00e3o de \u00d3rteses para membros superiores.<\/p>\n<p><strong>Data:<\/strong>\u00a004 e 05 maio de 2019 (s\u00e1bado e domingo )<br \/>\n<strong>Local:<\/strong>\u00a0S\u00e3o Paulo\/SP<\/p>\n<p><u><a href=\"https:\/\/recuperarte.com.br\/?page_id=3028\"><strong>mais informa\u00e7\u00f5es &gt;&gt;\u00a0<\/strong><\/a><\/u><\/p>\n<p>&nbsp;<\/p>\n<p><strong><img loading=\"lazy\" decoding=\"async\" class=\"alignleft wp-image-3006\" src=\"http:\/\/recuperarte.com.br\/wp-content\/uploads\/2019\/01\/WhatsApp-Image-2019-01-09-at-13.34.13-2.jpeg\" alt=\"\" width=\"205\" height=\"207\" srcset=\"https:\/\/recuperarte.com.br\/wp-content\/uploads\/2019\/01\/WhatsApp-Image-2019-01-09-at-13.34.13-2.jpeg 793w, https:\/\/recuperarte.com.br\/wp-content\/uploads\/2019\/01\/WhatsApp-Image-2019-01-09-at-13.34.13-2-150x150.jpeg 150w, https:\/\/recuperarte.com.br\/wp-content\/uploads\/2019\/01\/WhatsApp-Image-2019-01-09-at-13.34.13-2-768x774.jpeg 768w, https:\/\/recuperarte.com.br\/wp-content\/uploads\/2019\/01\/WhatsApp-Image-2019-01-09-at-13.34.13-2-720x725.jpeg 720w\" sizes=\"(max-width: 205px) 100vw, 205px\" \/>Curso de Terapia do Espelho &#8211; Curitiba PR<\/strong><br \/>\nO curso proporciona o conhecimento te\u00f3rico e pr\u00e1tico relacionado a t\u00e9cnica do espelhamento.<\/p>\n<p><strong>Data:<\/strong>\u00a030 e\u00a0 31 de maio de 2019 (quinta e sexta )<br \/>\n<strong>Local:<\/strong>\u00a0Curitiba\/PR<\/p>\n<p><u><a href=\"https:\/\/recuperarte.com.br\/?page_id=3031\"><strong>mais informa\u00e7\u00f5es &gt;&gt;\u00a0<\/strong><\/a><\/u><\/p>\n<p>&nbsp;<\/p>\n<p><strong><img loading=\"lazy\" decoding=\"async\" class=\"alignleft wp-image-3008\" src=\"http:\/\/recuperarte.com.br\/wp-content\/uploads\/2019\/01\/WhatsApp-Image-2019-01-09-at-13.34.13-4.jpeg\" alt=\"\" width=\"205\" height=\"208\" srcset=\"https:\/\/recuperarte.com.br\/wp-content\/uploads\/2019\/01\/WhatsApp-Image-2019-01-09-at-13.34.13-4.jpeg 790w, https:\/\/recuperarte.com.br\/wp-content\/uploads\/2019\/01\/WhatsApp-Image-2019-01-09-at-13.34.13-4-768x780.jpeg 768w, https:\/\/recuperarte.com.br\/wp-content\/uploads\/2019\/01\/WhatsApp-Image-2019-01-09-at-13.34.13-4-720x731.jpeg 720w\" sizes=\"(max-width: 205px) 100vw, 205px\" \/>Curso \u00d3rteses em Neoprene com Modelagem Canadense &#8211; Curitiba PR\u00a0<\/strong><br \/>\nO curso proporciona o conhecimento te\u00f3rico e pr\u00e1tico relacionado biomec\u00e2nica e confec\u00e7\u00e3o de \u00d3rteses para membros superiores.<\/p>\n<p><strong>Data:<\/strong>\u00a001 e\u00a0 02 de junho de 2019 (s\u00e1bado e domingo )<br \/>\n<strong>Local:<\/strong>\u00a0Curitiba\/PR<\/p>\n<p><u><a href=\"https:\/\/recuperarte.com.br\/?page_id=3029\"><strong>mais informa\u00e7\u00f5es &gt;&gt;\u00a0<\/strong><\/a><\/u><\/p>\n<p>&nbsp;<\/p>\n<p><strong><img loading=\"lazy\" decoding=\"async\" class=\"wp-image-3010 alignleft\" src=\"http:\/\/recuperarte.com.br\/wp-content\/uploads\/2019\/01\/WhatsApp-Image-2019-01-09-at-13.34.13-7.jpeg\" alt=\"\" width=\"205\" height=\"205\" srcset=\"https:\/\/recuperarte.com.br\/wp-content\/uploads\/2019\/01\/WhatsApp-Image-2019-01-09-at-13.34.13-7.jpeg 1280w, https:\/\/recuperarte.com.br\/wp-content\/uploads\/2019\/01\/WhatsApp-Image-2019-01-09-at-13.34.13-7-150x150.jpeg 150w, https:\/\/recuperarte.com.br\/wp-content\/uploads\/2019\/01\/WhatsApp-Image-2019-01-09-at-13.34.13-7-768x767.jpeg 768w, https:\/\/recuperarte.com.br\/wp-content\/uploads\/2019\/01\/WhatsApp-Image-2019-01-09-at-13.34.13-7-720x719.jpeg 720w, https:\/\/recuperarte.com.br\/wp-content\/uploads\/2019\/01\/WhatsApp-Image-2019-01-09-at-13.34.13-7-960x959.jpeg 960w\" sizes=\"(max-width: 205px) 100vw, 205px\" \/>Curso \u00d3rteses em Neoprene com Modelagem Canadense &#8211; Lauro de Freitas BA<\/strong><br \/>\nO curso proporciona o conhecimento te\u00f3rico e pr\u00e1tico relacionado biomec\u00e2nica e confec\u00e7\u00e3o de \u00d3rteses para membros superiores.<\/p>\n<p><strong>Data:<\/strong>\u00a015 e\u00a0 16 de junho de 2019 (s\u00e1bado e domingo )<br \/>\n<strong>Local:<\/strong>\u00a0Lauro de Freitas\/BA<\/p>\n<p><u><a href=\"https:\/\/recuperarte.com.br\/?page_id=3030\"><strong>mais informa\u00e7\u00f5es &gt;&gt;\u00a0<\/strong><\/a><\/u><\/p>\n<p>&nbsp;<\/p>\n<p>&nbsp;<\/p>\n<p>&nbsp;<\/p>\n<p>&nbsp;<\/p>\n","protected":false},"excerpt":{"rendered":"<p>A \u00f3rtese representa um recurso importante para o processo reabilitacional. Quando associada \u00e0s atividades terap\u00eauticas e aos exerc\u00edcios esta faz com que a reabilita\u00e7\u00e3o se torne bastante eficaz. Ao confeccionarmos \u00f3rteses torna-se necess\u00e1rio nos basear em conceitos anat\u00f4micos, cinesiol\u00f3gicos, fisiol\u00f3gicos, patol\u00f3gicos, funcionais, biomec\u00e2nicos, bem como a origem da les\u00e3o ou inabilidade, procedimentos cir\u00fargicos executados e complica\u00e7\u00f5es que o indiv\u00edduo apresenta. Os cursos organizados pela cl\u00ednica Recuperarte e ministrados pela Dra. [&hellip;]<\/p>\n","protected":false},"author":1,"featured_media":0,"parent":0,"menu_order":0,"comment_status":"open","ping_status":"closed","template":"","meta":{"footnotes":""},"_links":{"self":[{"href":"https:\/\/recuperarte.com.br\/index.php?rest_route=\/wp\/v2\/pages\/2892"}],"collection":[{"href":"https:\/\/recuperarte.com.br\/index.php?rest_route=\/wp\/v2\/pages"}],"about":[{"href":"https:\/\/recuperarte.com.br\/index.php?rest_route=\/wp\/v2\/types\/page"}],"author":[{"embeddable":true,"href":"https:\/\/recuperarte.com.br\/index.php?rest_route=\/wp\/v2\/users\/1"}],"replies":[{"embeddable":true,"href":"https:\/\/recuperarte.com.br\/index.php?rest_route=%2Fwp%2Fv2%2Fcomments&post=2892"}],"version-history":[{"count":26,"href":"https:\/\/recuperarte.com.br\/index.php?rest_route=\/wp\/v2\/pages\/2892\/revisions"}],"predecessor-version":[{"id":3082,"href":"https:\/\/recuperarte.com.br\/index.php?rest_route=\/wp\/v2\/pages\/2892\/revisions\/3082"}],"wp:attachment":[{"href":"https:\/\/recuperarte.com.br\/index.php?rest_route=%2Fwp%2Fv2%2Fmedia&parent=2892"}],"curies":[{"name":"wp","href":"https:\/\/api.w.org\/{rel}","templated":true}]}}

<p>A órtese representa um recurso importante para o processo reabilitacional. Quando associada às atividades terapêuticas e aos exercícios esta faz com que a reabilitação se torne bastante eficaz.</p>
<p>Ao confeccionarmos órteses torna-se necessário nos basear em conceitos anatômicos, cinesiológicos, fisiológicos, patológicos, funcionais, biomecânicos, bem como a origem da lesão ou inabilidade, procedimentos cirúrgicos executados e complicações que o indivíduo apresenta.</p>
<p>Os cursos organizados pela clínica Recuperarte e ministrados pela Dra. Patrícia Neto Barroso, baseiam-se nestes conceitos.<br />
<div class="dotted-divider"></div>
<h3>PRÓXIMO CURSO</h3>
<p><strong><img loading="lazy" decoding="async" class="wp-image-3067 alignleft" src="http://recuperarte.com.br/wp-content/uploads/2019/05/WhatsApp-Image-2019-05-08-at-13.40.44-1.jpeg" alt="" width="220" height="220" srcset="https://recuperarte.com.br/wp-content/uploads/2019/05/WhatsApp-Image-2019-05-08-at-13.40.44-1.jpeg 800w, https://recuperarte.com.br/wp-content/uploads/2019/05/WhatsApp-Image-2019-05-08-at-13.40.44-1-150x150.jpeg 150w, https://recuperarte.com.br/wp-content/uploads/2019/05/WhatsApp-Image-2019-05-08-at-13.40.44-1-768x768.jpeg 768w, https://recuperarte.com.br/wp-content/uploads/2019/05/WhatsApp-Image-2019-05-08-at-13.40.44-1-720x720.jpeg 720w" sizes="(max-width: 220px) 100vw, 220px" />Café com Mãos &#8211; Belo Horizonte MG</strong><br />
Convidamos  á todos para participar da inauguração do espaço de discussões clínicas Café com Mãos, .</p>
<p><strong>Data:</strong> 24 de maio de 2019 (sexta-feira )<br />
<strong>Local:</strong> Nova Lima/MG</p>
<p><u><a href="https://www.sympla.com.br/cafe-com-maos__525667"><strong>mais informações &gt;&gt; </strong></a></u></p>
<p>&nbsp;</p>
<p>&nbsp;</p>
<p><img loading="lazy" decoding="async" class="wp-image-3002 alignleft" src="http://recuperarte.com.br/wp-content/uploads/2019/01/WhatsApp-Image-2019-01-09-at-13.34.13.jpeg" alt="" width="205" height="207" srcset="https://recuperarte.com.br/wp-content/uploads/2019/01/WhatsApp-Image-2019-01-09-at-13.34.13.jpeg 795w, https://recuperarte.com.br/wp-content/uploads/2019/01/WhatsApp-Image-2019-01-09-at-13.34.13-150x150.jpeg 150w, https://recuperarte.com.br/wp-content/uploads/2019/01/WhatsApp-Image-2019-01-09-at-13.34.13-768x774.jpeg 768w, https://recuperarte.com.br/wp-content/uploads/2019/01/WhatsApp-Image-2019-01-09-at-13.34.13-720x725.jpeg 720w" sizes="(max-width: 205px) 100vw, 205px" /></p>
<p><strong> Curso Órteses em Neoprene com Modelagem Canadense &#8211; Belo Horizonte MG</strong><br />
O curso proporciona o conhecimento teórico e prático relacionado biomecânica e confecção de Órteses para membros superiores.</p>
<p><strong>Data:</strong> 27 e  28 de abril de 2019 (sábado e domingo )<br />
<strong>Local:</strong> Belo Horizonte/MG</p>
<p><u><a href="https://recuperarte.com.br/?page_id=2991"><strong>mais informações &gt;&gt; </strong></a></u></p>
<p>&nbsp;</p>
<p><strong><img loading="lazy" decoding="async" class="alignleft wp-image-3005" src="http://recuperarte.com.br/wp-content/uploads/2019/01/WhatsApp-Image-2019-01-09-at-13.34.13-1.jpeg" alt="" width="205" height="290" srcset="https://recuperarte.com.br/wp-content/uploads/2019/01/WhatsApp-Image-2019-01-09-at-13.34.13-1.jpeg 905w, https://recuperarte.com.br/wp-content/uploads/2019/01/WhatsApp-Image-2019-01-09-at-13.34.13-1-768x1086.jpeg 768w, https://recuperarte.com.br/wp-content/uploads/2019/01/WhatsApp-Image-2019-01-09-at-13.34.13-1-720x1018.jpeg 720w" sizes="(max-width: 205px) 100vw, 205px" />Curso Órteses em Neoprene com Modelagem Canadense &#8211; Brasília DF</strong><br />
O curso proporciona o conhecimento teórico e prático relacionado biomecânica e confecção de Órteses para membros superiores.</p>
<p><strong>Data:</strong> 23 e  24 de março de 2019 (sábado e domingo )<br />
<strong>Local:</strong> Brasília/DF</p>
<p>&nbsp;</p>
<p><u><a href="https://recuperarte.com.br/?page_id=3027"><strong>mais informações &gt;&gt; </strong></a></u></p>
<p>&nbsp;</p>
<p>&nbsp;</p>
<p><strong><img loading="lazy" decoding="async" class="alignleft wp-image-3009" src="http://recuperarte.com.br/wp-content/uploads/2019/01/WhatsApp-Image-2019-01-09-at-13.34.13-5.jpeg" alt="" width="205" height="208" srcset="https://recuperarte.com.br/wp-content/uploads/2019/01/WhatsApp-Image-2019-01-09-at-13.34.13-5.jpeg 796w, https://recuperarte.com.br/wp-content/uploads/2019/01/WhatsApp-Image-2019-01-09-at-13.34.13-5-768x777.jpeg 768w, https://recuperarte.com.br/wp-content/uploads/2019/01/WhatsApp-Image-2019-01-09-at-13.34.13-5-720x728.jpeg 720w" sizes="(max-width: 205px) 100vw, 205px" />Curso Órteses em Neoprene com Modelagem Canadense &#8211; São Paulo</strong><br />
O curso proporciona o conhecimento teórico e prático relacionado biomecânica e confecção de Órteses para membros superiores.</p>
<p><strong>Data:</strong> 04 e 05 maio de 2019 (sábado e domingo )<br />
<strong>Local:</strong> São Paulo/SP</p>
<p><u><a href="https://recuperarte.com.br/?page_id=3028"><strong>mais informações &gt;&gt; </strong></a></u></p>
<p>&nbsp;</p>
<p><strong><img loading="lazy" decoding="async" class="alignleft wp-image-3006" src="http://recuperarte.com.br/wp-content/uploads/2019/01/WhatsApp-Image-2019-01-09-at-13.34.13-2.jpeg" alt="" width="205" height="207" srcset="https://recuperarte.com.br/wp-content/uploads/2019/01/WhatsApp-Image-2019-01-09-at-13.34.13-2.jpeg 793w, https://recuperarte.com.br/wp-content/uploads/2019/01/WhatsApp-Image-2019-01-09-at-13.34.13-2-150x150.jpeg 150w, https://recuperarte.com.br/wp-content/uploads/2019/01/WhatsApp-Image-2019-01-09-at-13.34.13-2-768x774.jpeg 768w, https://recuperarte.com.br/wp-content/uploads/2019/01/WhatsApp-Image-2019-01-09-at-13.34.13-2-720x725.jpeg 720w" sizes="(max-width: 205px) 100vw, 205px" />Curso de Terapia do Espelho &#8211; Curitiba PR</strong><br />
O curso proporciona o conhecimento teórico e prático relacionado a técnica do espelhamento.</p>
<p><strong>Data:</strong> 30 e  31 de maio de 2019 (quinta e sexta )<br />
<strong>Local:</strong> Curitiba/PR</p>
<p><u><a href="https://recuperarte.com.br/?page_id=3031"><strong>mais informações &gt;&gt; </strong></a></u></p>
<p>&nbsp;</p>
<p><strong><img loading="lazy" decoding="async" class="alignleft wp-image-3008" src="http://recuperarte.com.br/wp-content/uploads/2019/01/WhatsApp-Image-2019-01-09-at-13.34.13-4.jpeg" alt="" width="205" height="208" srcset="https://recuperarte.com.br/wp-content/uploads/2019/01/WhatsApp-Image-2019-01-09-at-13.34.13-4.jpeg 790w, https://recuperarte.com.br/wp-content/uploads/2019/01/WhatsApp-Image-2019-01-09-at-13.34.13-4-768x780.jpeg 768w, https://recuperarte.com.br/wp-content/uploads/2019/01/WhatsApp-Image-2019-01-09-at-13.34.13-4-720x731.jpeg 720w" sizes="(max-width: 205px) 100vw, 205px" />Curso Órteses em Neoprene com Modelagem Canadense &#8211; Curitiba PR </strong><br />
O curso proporciona o conhecimento teórico e prático relacionado biomecânica e confecção de Órteses para membros superiores.</p>
<p><strong>Data:</strong> 01 e  02 de junho de 2019 (sábado e domingo )<br />
<strong>Local:</strong> Curitiba/PR</p>
<p><u><a href="https://recuperarte.com.br/?page_id=3029"><strong>mais informações &gt;&gt; </strong></a></u></p>
<p>&nbsp;</p>
<p><strong><img loading="lazy" decoding="async" class="wp-image-3010 alignleft" src="http://recuperarte.com.br/wp-content/uploads/2019/01/WhatsApp-Image-2019-01-09-at-13.34.13-7.jpeg" alt="" width="205" height="205" srcset="https://recuperarte.com.br/wp-content/uploads/2019/01/WhatsApp-Image-2019-01-09-at-13.34.13-7.jpeg 1280w, https://recuperarte.com.br/wp-content/uploads/2019/01/WhatsApp-Image-2019-01-09-at-13.34.13-7-150x150.jpeg 150w, https://recuperarte.com.br/wp-content/uploads/2019/01/WhatsApp-Image-2019-01-09-at-13.34.13-7-768x767.jpeg 768w, https://recuperarte.com.br/wp-content/uploads/2019/01/WhatsApp-Image-2019-01-09-at-13.34.13-7-720x719.jpeg 720w, https://recuperarte.com.br/wp-content/uploads/2019/01/WhatsApp-Image-2019-01-09-at-13.34.13-7-960x959.jpeg 960w" sizes="(max-width: 205px) 100vw, 205px" />Curso Órteses em Neoprene com Modelagem Canadense &#8211; Lauro de Freitas BA</strong><br />
O curso proporciona o conhecimento teórico e prático relacionado biomecânica e confecção de Órteses para membros superiores.</p>
<p><strong>Data:</strong> 15 e  16 de junho de 2019 (sábado e domingo )<br />
<strong>Local:</strong> Lauro de Freitas/BA</p>
<p><u><a href="https://recuperarte.com.br/?page_id=3030"><strong>mais informações &gt;&gt; </strong></a></u></p>
<p>&nbsp;</p>
<p>&nbsp;</p>
<p>&nbsp;</p>
<p>&nbsp;</p>

<p>A órtese representa um recurso importante para o processo reabilitacional. Quando associada às atividades terapêuticas e aos exercícios esta faz com que a reabilitação se torne bastante eficaz. Ao confeccionarmos órteses torna-se necessário nos basear em conceitos anatômicos, cinesiológicos, fisiológicos, patológicos, funcionais, biomecânicos, bem como a origem da lesão ou inabilidade, procedimentos cirúrgicos executados e complicações que o indivíduo apresenta. Os cursos organizados pela clínica Recuperarte e ministrados pela Dra. [&hellip;]</p>
